g = 6 + 0. What is the remainder when q/(9/24) + 2 is divided by g?
4
Suppose 0 = -3*s + 3 + 6, 4*w = s + 53. Calculate the remainder when (-252)/(-42) + (-66)/(-2) is divided by w.
11
Suppose 2*r - 33 = 49. Let g = r + -28. What is the remainder when ((-24)/5)/(6/(-45)) is divided by g?
10
Let s be -2*(2 - 2*-2). Let y = -7 - s. What is the remainder when 14 is divided by y?
4
Suppose -i = -0*i - 5. Calculate the remainder when i is divided by 2.
1
Let f(c) = -c**2 + 6*c + 2. Let d be f(6). Suppose 292 = 6*y - d*y. Calculate the remainder when y is divided by 19.
16
Suppose -x = -z - 3*z + 128, -3*x + 112 = 4*z. Let k = 11 + 13. Suppose 7*f - 4*f - k = 0. What is the remainder when z is divided by f?
7
Suppose -4*b = -24 + 4. Suppose -b*s + 0 = -25. Calculate the remainder when 9 is divided by s.
4
Let c be 133/1 - -2 - 2. Suppose -4*i - i + 4*b - c = 0, -5*i = -5*b + 130. Let v = i + 48. What is the remainder when 55 is divided by v?
17
Suppose 90 = 3*z - g - 50, z - 4*g = 65. Suppose 0 = 4*j + z + 11. Let h = -6 - j. Calculate the remainder when h is divided by 5.
3
Let z be (-2)/6 - (-16)/3. Suppose -1 = 2*a - z. Suppose 3*w - 1 = 5. Calculate the remainder when w is divided by a.
0
Let s be (-80)/4*10/8. Let a = s + 41. What is the remainder when a is divided by 6?
4
Let f(q) = 2*q**2 - q - 2. Let g be f(2). Suppose l + 0*l + 3*x - 25 = 0, -4*x = -g. Calculate the remainder when l is divided by 8.
6
Let f(r) = 53*r**2 - 7*r - 6. Calculate the remainder when f(-1) is divided by 30.
24
Suppose -l + 2 = c, 4*l - 2*c = 2*c - 8. Let b(j) = -6*j - j**2 + 22 - 5*j + 10*j. Calculate the remainder when b(l) is divided by 12.
10
Let q = 13 - 9. What is the remainder when 3*3*4/q is divided by 6?
3
Let g(t) = -4*t**3 + 6*t**2 - 11*t + 21. Let o(j) = -j**3 + 2*j**2 - 4*j + 7. Let i(k) = 2*g(k) - 7*o(k). Calculate the remainder when i(-5) is divided by 13.
12
Let c(u) = -u**3 - 6*u**2 - 5*u + 4. What is the remainder when 98 is divided by c(-6)?
30
Suppose 4*x - 5*x - 1 = 0. Suppose -c + 10 = c - 4*o, 0 = 4*c + 3*o - 64. Let r = c - x. Calculate the remainder when 27 is divided by r.
13
Suppose 46 = 5*k - 4*h, k - 4*k = -5*h - 25. What is the remainder when 28 is divided by k?
8
Suppose -3*d + 144 = -3*t, -t = 4*d - 2*d - 90. What is the remainder when d is divided by 12?
10
Let d = 39 + -26. Suppose 0 = 2*k - d + 5. Calculate the remainder when 15 is divided by k.
3
Suppose -a - z = -3*a + 50, 0 = -4*z + 16. What is the remainder when a is divided by 16?
11
Suppose 0 = -5*p + 83 + 32. What is the remainder when p is divided by 6?
5
Suppose -2*u = -6, -337 = -5*n - u + 26. Let v = -32 + n. Calculate the remainder when v is divided by -1 + (-8)/(-12) + (-129)/(-9).
12
Suppose -o = -5*z + 27 - 6, 4*z = o + 16. Suppose -3 + 1 = -t, -z*t + 182 = 4*m. Calculate the remainder when m is divided by 15.
13
Suppose 3*o - 5 = m - 3, -3*m + 4*o = -4. Let a be -2 - -5 - (m - 2). Let t = 2 + a. Calculate the remainder when t is divided by 2.
1
Let v(j) = -j**2 - 9*j - 4. Let t be v(-8). Suppose -27 = -t*q + q. Calculate the remainder when 1 - (-3 - (10 + 3)) is divided by q.
8
Let p(r) = 2*r + 4*r**2 - 5*r**2 + 3 + 10 - 3*r. Calculate the remainder when p(0) is divided by 4.
1
Let t(c) = 4*c**2 - c - 2. Let h be t(-1). Suppose 4*v - 19 = 3*v - 3*p, -h*p = 2*v - 44. What is the remainder when 47 is divided by v?
22
Suppose -4*j + 5*v + 7 = -3*j, -2*j + 40 = 3*v. What is the remainder when 81 is divided by j?
13
Suppose 3*i - 133 = -4*u, -u + 7*i = 2*i - 62. Calculate the remainder when u is divided by 13.
11
Suppose -6*x + 2*x - 12 = 0, x = -4*u + 17. Suppose -u*p - 110 = -4*i, -69 = -3*i - 3*p - 0*p. Let q = -15 + i. What is the remainder when q is divided by 4?
2
Suppose -t + 24 - 4 = 0. What is the remainder when 79 is divided by t?
19
Let i(m) = -m**3 + 20*m**2 - 18*m + 6. Let x(j) = 3*j - 5. Suppose -n + 3*n = 8. Calculate the remainder when i(19) is divided by x(n).
4
Suppose 0 = -m + 3, -3*a + 4*m = 2*m + 141. Let i = -31 - a. What is the remainder when 25 is divided by i?
11
Let d be 39/(-6) + 5/10. Calculate the remainder when (-16 + 10)/(2/d) is divided by 7.
4
What is the remainder when 59 is divided by 3/12 + 59/4?
14
Suppose 8*t = 7*t - q + 15, 4*t = 5*q + 24. Let j(r) = 0 + 10*r - 3*r + 3. What is the remainder when j(4) is divided by t?
9
Let l be (3/(-6))/(5/(-180)). Let w = l - -4. Calculate the remainder when 65 is divided by w.
21
Let i = 8 - 4. Let c(n) = -n + 1. What is the remainder when c(-9) is divided by i?
2
Suppose -5*n - 5*u + 135 = 0, -n + 24 = -0*n + 2*u. Suppose i = 4*i + 12. What is the remainder when n is divided by 92/6 + i/(-6)?
14
Calculate the remainder when (-2)/6 + 244/12 is divided by 8.
4
Let c(h) = h**3 - 7*h**2 + 3*h - 6. Let u be c(7). Let d = 25 - u. Calculate the remainder when 29 is divided by d.
9
Let d = 28 - 14. Suppose 0 = g - 4 - 1, 3*g - 11 = h. What is the remainder when d is divided by h?
2
Let l(s) = -9*s + 11 - 11 + 2*s**2. Calculate the remainder when 35 is divided by l(6).
17
Let b = 161 + -111. What is the remainder when b is divided by 26?
24
Let a(y) = -y**3 - 18*y**2 - y + 17. What is the remainder when a(-18) is divided by 18?
17
Let v be 5/(10/8) - 1. Suppose 4*k - v*k = -3. Calculate the remainder when (k - (3 - 32))*2 is divided by 18.
16
Suppose 0 = 4*i - 3*n - 13, 2*i - 11 = -i + n. What is the remainder when 13 is divided by i?
1
Suppose -o = -3*o - 4. Let w = -2 - o. Suppose -2 = -x - w. Calculate the remainder when 4 is divided by x.
0
Let q(h) = h**3 + h**2 - 2*h - 2. Let y(s) = s**3 - 6*s**2 - 4*s - 6. What is the remainder when q(3) is divided by y(7)?
13
Suppose -z + 35 = 5*t, -4*t = -0*t + 2*z - 34. Suppose 0 = -8*m + 2*m + t. Let s(j) = j**3 - 3*j**2 + 3. Calculate the remainder when s(3) is divided by m.
0
Let g = -18 - -30. Let v = 11 + 7. Suppose g + v = 3*u. What is the remainder when 28 is divided by u?
8
Let j be (-6 - -6)*3/6. Suppose j = 5*t - 185 + 15. Calculate the remainder when t is divided by 12.
10
What is the remainder when 71 is divided by (-24 + 0/1)*-1?
23
Let l(n) = n**3 + 8*n**2 - n + 5. Let q(z) = 2*z**3 + 15*z**2 - z + 9. Let r(o) = 5*l(o) - 3*q(o). Calculate the remainder when r(-5) is divided by 3.
2
Let d(u) = u**3 + 2*u**2 + 2*u. Let h be d(-2). Let c = 0 - h. Calculate the remainder when (-18)/(-12) + 18/c is divided by 4.
2
Let u(s) = -s**2 - 15*s + 10. Calculate the remainder when 34 is divided by u(-15).
4
Let x(a) be the third derivative of a**5/15 - a**4/8 + a**3/2 - 5*a**2. Calculate the remainder when 23 is divided by x(2).
10
Suppose -41 = -3*v + 5*w, -4*v + 66 = -3*w + 2*w. Suppose 3*k = 9, 0 = -2*m + 4*k - v + 75. Calculate the remainder when m is divided by 12.
11
Let v = 139 + -118. Calculate the remainder when 39 is divided by v.
18
Let b(j) = j**3 - 3*j**2 - 6*j - 8. What is the remainder when 54 is divided by b(5)?
6
Let p(b) = -b**3 + 10*b**2 + 11*b + 11. What is the remainder when p(11) is divided by 3?
2
Suppose 5*d = h + 219, 23 = 2*d - 3*h - 75. What is the remainder when d is divided by 5?
3
Let j = 9 + -14. Let a be ((j - 0) + 0)*-1. What is the remainder when (-4)/(a/(130/(-4))) is divided by 14?
12
Let o = 0 - -36. Suppose x - o = -12. What is the remainder when 69 is divided by x?
21
Suppose -194 + 12 = -7*v. Calculate the remainder when 102 is divided by v.
24
Let m = 56 + -40. Let h = m + -1. Calculate the remainder when 59 is divided by h.
14
Suppose 7*i = 3*i - 56. Let c = 7 - i. Suppose 3*h - h = 124. Calculate the remainder when h is divided by c.
20
Suppose -4*q - 3*k + 162 = 0, 3*k + 114 + 75 = 5*q. Calculate the remainder when q is divided by 14.
11
Suppose -m + 4*c = 6, 2*c + 5 = 4*m - 41. Calculate the remainder when 30 is divided by m.
2
Calculate the remainder when 25 is divided by 18 - 4 - (-1)/1.
10
Suppose z + 3*m - 98 = 0, -z + 5*m - 45 + 111 = 0. Calculate the remainder when z is divided by 44.
42
Let z(p) be the first derivative of -6*p**2 - 4*p + 2. Let l be z(-4). Let a = l + -27. Calculate the remainder when 49 is divided by a.
15
Suppose 2*o - 24 = 34. Let a be (1 - 1)*(-2)/(-4). Suppose a = -3*y + o + 34. What is the remainder when 62 is divided by y?
20
Suppose 4*t - 42 = -5*m - 17, m - 2*t + 9 = 0. Let x = m